 (12 + -59 + 20)) + -24.
10
(-23 - -42) + -16 + -8 - 58
-63
What is 26 - (45 + (45 - 44))?
-20
What is the value of -1 + 2 + 4 + (-13 - 2)?
-10
Evaluate -7 - -5 - -13 - 4 - (37 - 46).
16
What is the value of -12 - (-62 - (-29 - 39))?
-18
Evaluate 74 - (123 - (201 - 122)).
30
What is 3 - (-155 - -80) - 62?
16
Calculate -5 + (-5 - 3) + 3 + 13 + 4.
7
What is -67 - (-14 - (-9 + 25))?
-37
Calculate (206 - (86 + -58)) + -143.
35
Evaluate 38 - -269 - 131 - 99.
77
What is the value of -3 + (-1 - -5) + -20 + (10 - (26 - 12))?
-23
Evaluate -796 - -901 - (-5 - -65).
45
-75 - (-244 - -214) - (80 - 2)
-123
29 - (55 + -47 + 5 + -6 + -18)
40
Evaluate 7 + 9 + 63 + 35 + -44.
70
What is the value of 18 + (9 + 9 - -5)?
41
What is the value of -127 + 6 - (-192 - -45)?
26
What is the value of (50 - (17 + (3 - -9))) + 75?
96
Calculate -17 + (12 - -3 - 5) - (8 + -63 + -9).
57
(18 - -41) + -159 + 38
-62
Calculate -60 - ((-19 - -5) + -5 + 6).
-47
-90 + (261 + -58 - 39)
74
Evaluate (58 - (-23 - -58)) + 15 - 23.
15
What is the value of 37 + (-8 - (0 - -14)) - 46?
-31
Calculate (-23 - -33) + -47 - -2 - 7.
-42
Evaluate (20 - (20 + (-8 - -31) + -25)) + 2 + -126.
-122
Evaluate 54 + -245 + 35 + 85.
-71
What is 25 + -6 - (33 + (4 + -14 - -10))?
-14
-10 - (0 + 8 - (4 - -29 - 40))
-25
(-6 + -12 - -8) + (24 - (2 + -1))
13
27 - 82 - (-9 + 0 + (61 - 48))
-59
What is the value of 5 + -89 + 977 + -944?
-51
What is the value of 1 + (-25 - -1 - -18) + -8?
-13
What is the value of -9 + -11 + 28 + (0 - 0)?
8
Evaluate (6 - (5 - 1)) + (55 - 96).
-39
Calculate (-152 - -124) + (-1 - (2 + (14 - 5))).
-40
What is -4 + 33 - (-1142 + 1271)?
-100
What is (2 - 2) + (2 - -61) + (4675 - 4692)?
46
What is (2 - -8) + 44 + 1 + -22 + 11 + 8?
52
What is -3 - (0 + -1) - (7 - 19) - (-517 - -511)?
16
What is the value of (36 - -36) + (1 + 15 - -28)?
116
Calculate -39 - 39 - (-26 + -8).
-44
67 + 1 + (-2245 - -2214)
37
What is (25 + 21 + 7 - 22) + -38?
-7
Calculate (-18 - 8) + 11 + -34 + 164 + -37.
78
Evaluate -2894 + 2744 + 64 + -1.
-87
What is the value of 16 - (26 - -6) - (-1 - (26 - 3))?
8
-24 + -6 + -16 + 5
-41
(5 + -2 - 1) + -46 + (46 - 12) + -61
-71
What is the value of (78 - (4 + -18)) + -30?
62
Evaluate 21 - (-82 - -79) - 106.
-82
What is the value of (-2 - 27) + -915 + 970?
26
Evaluate -56 - ((70 - 157) + -15).
46
Evaluate (91 - 114) + -42 - 4.
-69
What is (-107 - (-2 - -2)) + 4 - (31 + (1 - 35))?
-100
(-53 - -159) + -23 - (3 - -21)
59
Evaluate 11 + -59 + 64 + 4.
20
What is 13 + -140 - (-35 + -31)?
-61
Evaluate -975 + 984 + (46 + (-4 - -1) - (2 - 5)).
55
Calculate 140 - ((-17 + 4 - -13) + (9 - (0 + -3))).
128
-22 + (0 - -38 - (-294 + 291))
19
Evaluate -3 + (0 + 5 - (-25 + 32 + 10)).
-15
2 + -37 + (35 - (-33 + 12)) + -41
-20
Calculate (2 - (33 - -64) - -38) + -13.
-70
Evaluate (80 - (178 - 87)) + (1 - (2 + 10)).
-22
What is -27 + (47 - -26) - 7?
39
Evaluate -6 - (9 - 66 - -15) - (0 - -8) - -5.
33
Calculate 623 + -615 - (-2 - -1 - (2 + -69)).
-58
Evaluate -21 + (26 - 118) + 34.
-79
What is the value of 7 - 22 - (8 + -2 + -48 - -14)?
13
What is -18 - (79 + 12 - 128)?
19
Calculate -269 - -272 - (11 + -3 - 2) - 23.
-26
Calculate (11 - 0) + (8 - 2 - (-221 + 210) - -16).
44
Evaluate (140 + 60 - 110) + -113.
-23
Calculate -1 - (-7 - (-8 - ((5 - -2) + -2) - -76)).
69
Calculate -43 + (0 - -25) - ((7 - 2) + -96).
73
Evaluate 134 - (-38 + 192) - (-2 + -36).
18
What is the value of (1381 - 1322) + -1 + -8 + 2?
52
What is the value of -21 + 4 + -1537 + 1501 + (1 - -34)?
-18
What is the value of -36 - (-35 + 62) - (10 - -3)?
-76
What is the value of -1 - (-279 - -287 - ((0 - (5 - 2)) + 8))?
-4
(-12 - 23) + 19 - (2 + (-4 - -3))
-17
Evaluate 11 + (0 - 9 - (-1 + -3 + 8)).
-2
Calculate -52 - 0 - (-1097 - -1088).
-43
42 + (-60 - -35 - 28)
-11
Calculate 9 + 9 + 21 - (3 - (2 - -3 - 0)).
41
Evaluate (4 - 45) + (95 + -31 - 44).
-21
25 + -3 + (9 - 51)
-20
-10 - 3 - -19 - 14 - ((0 - 38) + -4)
34
What is the value of (-7 - (-3 - (59 + -3))) + -9 - 8?
35
(17 + -12 - 6) + -51 + 6
-46
What is -19 - (-106 - -116 - (13 - -6))?
-10
What is the value of 25 + -17 - (1 + 3 - 3 - -2)?
5
What is (69 - 79) + 6 + 3 - (-7 + -59)?
65
What is the value of 42 + (9 + -58 - 18)?
-25
What is the value of 36 - ((-71 - -38) + 31)?
38
What is the value of 3 - (-3 - -83) - (23 - (4 + 0 - -8))?
-88
(-40 - -66) + 16 + -106 + -15
-79
(18 + 78 - 21) + -16 + -14
45
Calculate (-25 - (-39 - 8)) + 14.
36
Evaluate -26 - -7 - (52 - 49).
-22
What is 100 + 70 + -162 + (0 - (-1 + 0) - 0)?
9
Evaluate 18 + -18 + 15 - (-28 - (22 + -24)).
41
What is -4 + (74 - (24 - -21))?
25
Evaluate (10 - -3 - (2 - -4)) + 151 + (215 - 230).
143
Evaluate -54 + (-79 + 30 + 38 - (1 - 14) - 15).
-67
-41 + (-32 + -5 - -28)
-50
What is (-54 - (8 + (-4 - 14 - -9))) + 18 + -19?
-54
8 + -21 + 12 + -3 + (-47 - (6 - 3))
-54
Evaluate (62 - -4) + -485 + 393.
-26
-195 - (-210 + 127) - -26
-86
Calculate (-124 - -140 - (27 + (0 - 0))) + 1.
-10
Calculate 48 + (52 - 58) + -87.
-45
What is the value of (905 - 915) + 14 + (-5 + 3 - 0) - -53?
55
Calculate 10 - (-69 + 89) - (34 + 0).
-44
What is 13 - -6 - (112 + 39 + -21)?
-111
What is 114 + -6 + -24 + 29 - 13?
100
What is the value of -13 - (-50 + (-11 - 2 - ((47 - 82) + 34)))?
49
Calculate 394 + -422 + (-2 - -1) + -7 + -12.
-48
Calculate (-109 + 56 - -45) + (1 - 13) - (-2 - -3).
-21
What is the value of (13 - 24) + -29 - (-1 - 8 - (-11 - -9))?
-33
What is the value of 10 + (-55 - -1 - (41 + -110 + 87))?
-62
Evaluate (-29 - 0) + 12 - ((-1 - -3) + 6).
-25
What is -16 + (8 - 11) + 25 - 15?
-9
Evaluate 85 - (35 + -17 - 1 - 10).
78
Calculate -68 + (11 - 6) - (14 - -7 - 10).
-74
Evaluate 8 - (((-21 - 14) + 14 - -9) + 4).
16
Evaluate 57 + (32 + -6 - 9 - 14).
60
Calculate (-124 + -1 - ((7 + -12 - 11) + 4)) + 10.
-103
-2 - (-20 - 36) - 90
-36
Evaluate (6 - 5) + -4 + 2 - (-2 - -33).
-32
Calculate 22 + 0 - (-1 + -9 - (2 - 0 - 7)).
27
Calculate -52 + 235 - 146 - (1 + 0).
36
Calculate 129 + 11 + -83 + -6.
51
What is -16 - -11 - (0 - 1) - (-43 + 79) - -10?
-30
Calculate -96 + 1 + (65 - 46) + (-1 - 8).
-85
What is the value of 369 + -380 - (-87 + 1 - ((-4 - 4) + 10))?
77
What is 106 - (29 - 20 - -27 - 23)?
93
Evaluate -56 + 49 + -18 + -13.
-38
What is the value of 12 - (0 + -17) - (7 - -1)?
21
What is the value of -45 + 45 + (37 + 9 - 0)?
46
Evaluate 11 - 23 - -25 - (-1 - -3 - -8).
3
Calculate -101 + 157 + (4 + 0 - -24).
84
What is 24 + -3 - (28 + -15 - 39)?
47
What is the value of 17 - (36 - 2 - (-283 + 262))?
-38
12 + 1 + 13 + -29 + 20
17
(-2 - 1 - 0) + (-1448 - -1433)
-18
Evaluate 14 + -5 + 4 + -70 + 95.
38
-16 + 42 + (10 - 5 - -6)
37
Evaluate (1495 - 1561) + 90 + -1.
23
Calculate 43 + -29 + 9 + -21.
2
Evaluate -29 + 36 - 19 - -44.
32
Calculate -1 + 11 + (177 - 196 - (-2 + -36)).
29
What is the value of -60 + (-541 + 540 - (-1 + -16))?
-44
3 - 8 - 61 - (-4 - 19 - -25)
-68
Calculate (7 - -1) + 1 + -13 + 24 + 9.
29
What is (0 - 1 - (-4 - -2) - 1) + (2878 - 2889)?
-11
49 + (-113 - -74) + -56
-46
Evaluate -11 - (2 - 0) - (-38 + -30 + 5 - -121).
-71
-9 + (-1 - (-7 - (-4 - 1))) + (109 - 58)
43
Calculate -24 - (-19 - (-37 + 44)).
2
Evaluate 6 + -3 + 1 + -3 - (35 + -12 - -4).
-26
Calculate -11 + (-2 - -3) + (-1 - 5 - 11) + 84.
57
Calculate (11 + -11 - -29) + -1 + -3 - -5.
30
-9 + -2 + 0 + (442 - 434)
-3
What is (-2 - (-4 + 6)) + 11 - (-20 + 19 + 13)?
-5
What is the value of 6 + -9 - 36 - (3 - 6 - -5)?
-41
Evaluate -5 + 1 - ((-8 - (-4 + -20)) + 17).
-37
What is the value of (12 - -6) + -4 + (-3 - (4 + -73 - -14))?
66
Calculate 31 - (13 - 16) - (12 - ((-4 - -7) + 5)).
30
-6 - (2 + -84 + 2 + 16 + (12 - 25))
71
Evaluate (-5 + 1 - (2 - 0)) + (-633 - -627).
-12
Evaluate -32 + 34 - (-19 - -31) - ((-1 - 97) + 1).
87
Calculate -8 - ((1 - -18) + 53 + -65).
-15
What is the value of -102 + 151 + 6 - -36?
91
What is the value of 8 - ((2 - (3 + -7)) + -18) - -9?
29
104 + -44 + 6 - 20
46
Evaluate -29 + (7 + 42 - -20).
40
What is (-13 + 6 + -21 + 8 - (14 - 5)) + -8?
-37
Calculate -72 + 1 - (-99 - (8 - 104)).
-68
What is -41 - (-32 - (-62 - -11) - 35)?
-25
Evaluate 5 - (-11 + (142 - 217) + (-3 - 2)).
96
Evaluate (181 - 8 - 83) + (-4 - -32).
118
What is the value of 19 + 52 - 66 - (-1 + 1) - (-1 - -32)?
-26
-13 + (5 - 16 - 5) + 34 + -39
-34
-33 + 2 + -18 + 12 + 5
-32
-20 + 14 + 27 